
False
Is 773893 prime?
False
Is 15775049 a composite number?
False
Is 2976747 prime?
False
Is 377381747 a composite number?
False
Is 15344971 prime?
True
Is 18086417 a composite number?
False
Is 22857511 a composite number?
False
Is 344377 a composite number?
True
Is 2069 composite?
False
Is 50330743 a prime number?
False
Is 13033327 a prime number?
True
Is 59968453 a prime number?
False
Is 640603 a prime number?
False
Is 2498893 a prime number?
True
Is 22767541 a prime number?
True
Is 2938953 composite?
True
Is 50259917 prime?
False
Is 28816145 a prime number?
False
Is 1065478457 prime?
True
Is 170646869 a composite number?
True
Is 15149911 a composite number?
True
Is 39235681 composite?
False
Is 75129997 prime?
True
Is 20792459 composite?
False
Is 359079833 composite?
True
Is 208810231 composite?
True
Is 785173 prime?
False
Is 229801877 a composite number?
False
Is 967019 a composite number?
False
Is 2832029 a prime number?
False
Is 66460951 prime?
False
Is 70036067 a composite number?
False
Is 289638373 composite?
True
Is 4853261 a composite number?
True
Is 663937 a prime number?
True
Is 43867963 prime?
False
Is 3176681 prime?
True
Is 48641469 a composite number?
True
Is 1637147 composite?
False
Is 33716051 prime?
False
Is 531491 prime?
False
Is 9028693 prime?
False
Is 67650267 a prime number?
False
Is 92947 composite?
True
Is 166340827 prime?
False
Is 2118113 a prime number?
True
Is 988253 prime?
False
Is 18614069 prime?
True
Is 105937303 a prime number?
True
Is 12999127 a prime number?
True
Is 19670621 composite?
True
Is 63351929 prime?
False
Is 2250397 composite?
False
Is 6653483 a composite number?
False
Is 8647781 a prime number?
False
Is 257339 a composite number?
False
Is 26349233 a composite number?
True
Is 10898259 a prime number?
False
Is 33277441 composite?
False
Is 518493713 a prime number?
True
Is 83478613 a prime number?
False
Is 155761961 composite?
False
Is 25358989 composite?
True
Is 21628067 a composite number?
True
Is 3745939 prime?
True
Is 277137101 prime?
False
Is 14297399 composite?
True
Is 74390999 prime?
True
Is 118527923 composite?
True
Is 8232083 a prime number?
True
Is 33021019 prime?
True
Is 39782251 prime?
True
Is 1147479 composite?
True
Is 113552761 a prime number?
False
Is 1270723 a prime number?
False
Is 595451 prime?
True
Is 284549257 a prime number?
True
Is 58573861 prime?
True
Is 82178639 composite?
False
Is 53491727 a composite number?
True
Is 1257491 a prime number?
True
Is 16818889 a composite number?
False
Is 547516981 a composite number?
True
Is 29852259 composite?
True
Is 29298943 a composite number?
False
Is 1620818 a composite number?
True
Is 53021447 a composite number?
False
Is 26153033 a composite number?
False
Is 28432967 composite?
True
Is 16046159 a prime number?
True
Is 125003383 composite?
True
Is 11079707 composite?
True
Is 190682153 prime?
True
Is 15582631 a composite number?
False
Is 67044695 composite?
True
Is 6740021 a composite number?
False
Is 35494511 a prime number?
False
Is 2572817443 a composite number?
True
Is 1765495 a composite number?
True
Is 41011 composite?
False
Is 13561139 composite?
False
Is 2328673 composite?
True
Is 3113749 prime?
False
Is 3598253 a prime number?
True
Is 10638391 a prime number?
True
Is 9818373 a composite number?
True
Is 31295431 a prime number?
True
Is 24693769 prime?
False
Is 134471 a prime number?
True
Is 1354711 a prime number?
True
Is 24615247 prime?
False
Is 769873927 a prime number?
True
Is 20191966 composite?
True
Is 1206277 a prime number?
True
Is 6230905 composite?
True
Is 85443857 composite?
False
Is 74671523 a prime number?
True
Is 5764358 a composite number?
True
Is 66011551 prime?
False
Is 4785701 composite?
True
Is 716231 composite?
True
Is 14150633 a composite number?
True
Is 14055211 a prime number?
False
Is 8763019 a composite number?
False
Is 366397483 prime?
False
Is 19815187 a prime number?
False
Is 2524499 composite?
True
Is 136621451 composite?
False
Is 6183211 prime?
False
Is 4354919 a composite number?
True
Is 572998093 composite?
False
Is 126338111 a prime number?
True
Is 350647571 prime?
True
Is 39640721 composite?
False
Is 15026047 prime?
True
Is 2662427 prime?
False
Is 31678666 composite?
True
Is 4593569 a composite number?
False
Is 182182289 prime?
True
Is 1221651157 a prime number?
True
Is 12885031 a composite number?
True
Is 3112867 a prime number?
False
Is 3148399 prime?
True
Is 17567591 composite?
True
Is 17826499 composite?
True
Is 3743941 composite?
True
Is 264371423 a prime number?
True
Is 4780597 composite?
False
Is 2956157 composite?
False
Is 251176423 prime?
False
Is 162461 prime?
False
Is 63457913 prime?
True
Is 18915361 composite?
True
Is 226871 composite?
False
Is 11187259 a composite number?
True
Is 11810717 a prime number?
False
Is 77583547 prime?
True
Is 15148663 prime?
False
Is 26564663 a prime number?
True
Is 169226263 a prime number?
True
Is 4963951 a composite number?
True
Is 3674191 prime?
False
Is 802709 a prime number?
True
Is 3799283 prime?
False
Is 1528981 a composite number?
True
Is 4029253 composite?
False
Is 82220417 a composite number?
True
Is 41206859 a prime number?
False
Is 137687323 composite?
True
Is 454700201 prime?
True
Is 184337831 prime?
True
Is 12007181 a composite number?
False
Is 467371003 prime?
False
Is 2835401 composite?
False
Is 8370643 a prime number?
False
Is 5109155 a prime number?
False
Is 15166937 composite?
False
Is 155655663 a composite number?
True
Is 27734855 a composite number?
True
Is 2379493 composite?
False
Is 33690823 composite?
False
Is 2956171 composite?
False
Is 4939507 prime?
False
Is 7976999 a prime number?
False
Is 375584899 a prime number?
True
Is 226789733 prime?
False
Is 8795699 a prime number?
False
Is 46980641 a prime number?
True
Is 1198033 a prime number?
True
Is 12096389 a composite number?
False
Is 22309943 a composite number?
False
Is 393595178 a prime number?
False
Is 4804061 a prime number?
True
Is 116773759 a composite number?
False
Is 602963269 a composite number?
True
Is 3827809 composite?
False
Is 1836319 a composite number?
False
Is 4152433 composite?
False
Is 8877985 a prime number?
False
Is 725615363 composite?
True
Is 267851 composite?
True
Is 123713017 prime?
False
Is 731869 composite?
False
Is 639767 a prime number?
False
Is 185033351 prime?
False
Is 134669 a composite number?
False
Is 15555299 composite?
False
Is 204159 a prime number?
False
Is 41102021 prime?
False
Is 215959069 prime?
True
Is 14797331 a prime number?
False
Is 58991351 prime?
True
Is 37445059 a prime number?
False
Is 32126279 a composite number?
True
Is 14011489 a composite number?
False
Is 16476241 a composite number?
False
Is 1246499623 composite?
True
Is 188191 composite?
True
Is 48347977 composite?
False
Is 2569283 a composite number?
True
Is 3559481 composite?
False
Is 4241953 prime?
False
Is 35522439 composite?
True
Is 17321341 prime?
False
Is 182986337 composite?
False
Is 262267 a prime number?
False
Is 1619635 prime?
False
Is 17646907 composite?
True
Is 1449912085 prime?
False
Is 617263 a prime number?
False
Is 171151817 composite?
False
Is 29935 composite?
True
Is 121925149 a composite number?
False
Is 11500939 composite?
False
Is 8080823 a prime number?
True
Is 160865767 prime?
False
Is 8031323 a composite number?
False
Is 29407 a composite number?
True
Is 497459419 a prime number?
True
Is 6262021 composite?
True
Is 93871 a composite number?
False
Is 260047 prime?
True
Is 2505101 composite?
False
Is 21701611 prime?
False
Is 19711889 prime?
True
Is 10012273 a prime number?
False
Is 761977 a prime number?
True
Is 814391 prime?
False
Is 7023517 a composite number?
False
Is 39152929 a composite number?
True
Is 4037783 prime?
False
Is 79311431 a prime number?
True
Is 15562771 prime?
False
Is 41165783 prime?
True
Is 150649 a prime number?
True
Is 409909 a prime number?
True
Is 91088683 composite?
True
Is 298939 a composite number?
True
Is 1050229 a prime number?
True
Is 6990463 a composite number?
False
Is 24472471 a prime number?
True
Is 967013 a composite number?
True
Is 242688337 a prime number?
True
Is 3495137 prime?
True
Is 30657067 a prime number?
False
Is 215509709 composite?
True
Is 6295943 prime?
True
Is 713874067 a composite number?
True
Is 14221605